(z) = z**3 - 4*z**2 + 6*z - 5. Let n be p(3). Suppose 3 = -m + n*m. What is the units digit of m?
1
Let h = 284 + -202. What is the tens digit of h?
8
What is the units digit of (-2)/(-5) + 103/5?
1
Suppose 5*j + 5*k - 2226 + 686 = 0, 4*j - 1242 = -2*k. What is the units digit of j?
3
Suppose 32 + 18 = -5*z. Let y = 20 + z. What is the tens digit of y?
1
Let l = 15 - 9. Suppose 3*z + k - l - 15 = 0, -5*z + k = -27. Let r = z - 4. What is the units digit of r?
2
Let n(a) = -2*a**3 + 2*a**2. What is the tens digit of n(-2)?
2
Let j = 31 - 4. What is the tens digit of j?
2
Let g = -16 + 31. Suppose -2*o = -3*l - 4, 5*l + 5*o - 4*o = g. Suppose 2*b = -l*i + 8, -4*b = -b - 5*i - 52. What is the units digit of b?
9
Suppose 2*s = -g + 4*g + 140, 3*g + 332 = 5*s. What is the units digit of s?
4
Let l(a) = a**2 - 2*a - 7. Let u(q) = q - 1. Let w(k) = -l(k) + 5*u(k). What is the units digit of w(5)?
2
Suppose -r = 4*c - 26, c - 59 = -5*r + 52. What is the units digit of r?
2
Let t be (1/(-1))/(2/(-18)). Suppose f + 2*f - t = -3*v, 0 = 2*f + 5*v - 15. Suppose f = -y + 3*y - 42. What is the units digit of y?
1
Let u(k) = 2*k**2 - 10*k - 10. Let f be u(8). Let w be 4 + (-4 + 0)/2. What is the units digit of f/6 + w/3?
7
Let u be (-3 - 0)*(-6)/9. Let h = u + -5. What is the units digit of 15 - 1 - (-1 - h)?
2
Suppose -c + 4*c + 2*f - 455 = 0, 2*c - 302 = -2*f. What is the tens digit of c?
5
Let b = -76 + 50. Let a be b/(-8) - (-2)/(-8). Suppose 4*r = w + 4, 2*r - w - 6 = -a*r. What is the units digit of r?
2
Suppose y = 4*y. Suppose 0 = 3*o - 5*z + 2*z - 45, y = -4*o - z + 35. What is the units digit of o?
0
Let i(h) = -6*h**3 - h**2 - 2*h - 1. Let v be i(-1). Let x be 6 + 1 + 4/(-2). Suppose 4*o + x*a - 12 = 0, -o - v*a + a + 3 = 0. What is the units digit of o?
3
Let m be ((-9)/(-6))/((-6)/8). Let t = 3 + m. What is the units digit of t?
1
Suppose 5*n = -t - 9, -2*n - 9 - 1 = 0. Let i = t - 9. What is the units digit of i?
7
Suppose f - 15 = -3*f - q, 0 = -3*f + 2*q + 14. Suppose -2*x - f = -j - 10, -2*x - 4 = 4*j. What is the units digit of x?
2
Let w be ((-60)/9)/(3/9). Let s = w - -30. What is the tens digit of s?
1
Let l(w) = 7*w + 40. What is the units digit of l(15)?
5
Let z(h) = 4*h**2 - 8*h - 14. What is the hundreds digit of z(-5)?
1
Let t be ((-1)/(-1))/(2 + -3). What is the tens digit of -56*(t - (-4)/8)?
2
Let k be (-14)/(-6) + (-1)/3. Suppose -2*n + 6 = -0*n. Suppose 0 = n*r - 2*o, -2*r = -o - k*o + 5. What is the units digit of r?
2
Let q = 93 + -14. What is the units digit of q?
9
Let f = 36 + 30. What is the units digit of f?
6
Suppose 3*g - 14 + 5 = 0. Suppose d - g = 2. Suppose 3*m + 4*p - 21 = -0*p, 0 = -d*m - p + 52. What is the units digit of m?
1
Suppose -4*f = 5*l - 9 - 37, 2*l - 16 = -f. Let p = l + 0. What is the units digit of p?
6
Suppose -n = 4*o - 21, -2*n + 11 + 19 = 5*o. Suppose -4*y - n*r = -4*r - 5, 3*r + 1 = 4*y. Suppose -11 = -z + y. What is the tens digit of z?
1
Let t be 3/12 - (-47)/4. Let p = t + -8. Let n = p + -2. What is the units digit of n?
2
Let h(q) = -7*q**3 - q**2. Let k be h(-1). Let n be -65*(k/(-5))/3. Let c = n + -18. What is the units digit of c?
8
What is the tens digit of (-292)/(-7) - (-14)/49?
4
Suppose -s = -3*n - n + 102, -n = -4*s - 33. Let p = n + -16. Let f(o) = -o**3 + 8*o**2 + 8*o + 10. What is the units digit of f(p)?
1
Suppose -77*n + 73*n = -752. What is the hundreds digit of n?
1
Let h(s) = s**3 + 5*s**2 - 4*s - 1. What is the tens digit of h(-4)?
3
What is the units digit of (270/(-12))/(1/(-6))?
5
Let s(a) = 27*a**2 + 1. Let t be s(1). Suppose -4*c + 105 = 5*m, -4*m = -2*c - 8 + t. What is the tens digit of c?
2
Let k(n) = n**3 + 8*n**2 - 2*n - 11. Let y be k(-8). Suppose -o - 4 = l - 1, 13 = -4*l - y*o. What is the units digit of (-1)/(2/8*l)?
2
Let q(j) = 2*j**2 - 2*j - 2. Let c(b) = -b - 1. Let i be c(-3). Let l be q(i). Suppose -3 = -r - 5*f - l, -5*f - 1 = -r. What is the units digit of r?
1
Suppose 3*i + 0 - 54 = 0. Suppose 2*t - q = 9, -i = -5*t + 3*q - 2*q. Suppose 2*s - t = 7. What is the units digit of s?
5
Suppose -3 = c - 18. Suppose -2*u = 2*m - 16, -5*m = -5*u + 50 + 10. What is the units digit of 42/u - 3/c?
4
Let j(f) = 3*f + 1 - 3*f + f**2 - 9*f + 11*f**2 - f**3. What is the units digit of j(11)?
3
Let a(l) = l - 9. Let y be a(6). Let j be (0 - y)*4/6. Suppose j*d + 2*r - 25 = 7*r, d - 5*r = 20. What is the units digit of d?
5
Suppose 6*x - 3*x = 0. Let d = x - -1. What is the units digit of d?
1
Let a = 5 - 3. Let b(d) = 0*d**2 + d - 3*d - d**a + d - d**3 + 2. What is the units digit of b(-2)?
8
Suppose -2*a = 8, 6*z + 22 = 4*z + a. Let s(i) = -i**2 - 15*i + 3. What is the tens digit of s(z)?
2
Suppose c - 3*c + 96 = 0. What is the units digit of c?
8
Let s be (6*17)/3 - -1. Let l = s + -11. Suppose 4*o = 6*v - v + 9, -5*o + 2*v = -l. What is the units digit of o?
6
Let r be (-2)/(2 + (-2 - -1)). Let c = r + 3. What is the units digit of (c/2)/((-2)/(-4))?
1
Let g(v) = -v**2 - v. Let i be g(0). Suppose i = -t + 2*t + q - 15, t - 2*q = 9. What is the tens digit of t?
1
Let w be (-143)/5 + 6/(-15). Let s = w - -44. What is the tens digit of s?
1
Let p(y) = -y**2 - 18*y - 8. Let f be p(-10). Suppose 8*x = 4*x + f. What is the units digit of x?
8
Let s = 287 - 191. What is the units digit of s?
6
Suppose -2 = -3*z + 10. Suppose 4*s - 44 = -4*a, z*a - 3*a = 4*s - 4. What is the units digit of a?
8
Let r(f) be the third derivative of f**4/24 + 3*f**2. Let h be r(-1). What is the units digit of h - (-1)/(3/27)?
8
Suppose 0 = 3*z + 10 - 4. Let n be 2*3/(-6) - z. What is the units digit of 13 + (n - 1)/3?
3
Let w(i) = -5*i - 1. Suppose -21 = 3*b - 6. Let n be (b - -4)/((-1)/(-3)). What is the tens digit of w(n)?
1
Suppose d - 248 + 24 = -3*s, s - 222 = -d. What is the units digit of d?
1
What is the tens digit of -1*-13*(2 - 1)?
1
Suppose t = -2*o, -2 = 2*o - 4*o. Let v be t/5 + 186/15. Suppose -v = -3*w + 12. What is the units digit of w?
8
Let i = 2 - -1. Let o(y) = -6*y**2 + 4 + 2 + 2*y**2 - 2*y - 1 - y**i. What is the units digit of o(-4)?
3
Let i = 3 - 0. Suppose 3*p = m - 34, 3*m + m - 91 = i*p. What is the tens digit of m?
1
Suppose 6*a = a + 120. Suppose 0 = -3*n + a + 21. What is the units digit of n?
5
What is the units digit of ((-8)/14)/(-2) - 122/(-14)?
9
Let r be (4/6)/((-1)/(-3)). What is the units digit of (0 - 11)/(-3 + r)?
1
Suppose -6*i + 377 = -181. What is the units digit of i?
3
Let v = -11 + 19. Let f = -7 + v. What is the units digit of f?
1
Let v = -137 - -200. What is the tens digit of v?
6
Let n = 295 + -422. Let t = -81 - n. What is the units digit of t?
6
Let v = 0 - -7. Suppose -2*j = -v - 1. What is the units digit of j?
4
Let t be (-8 - 8)*(-2 + 1). Suppose m = 4*n - 120 + 8, -t = 4*m. What is the tens digit of n?
2
Suppose -3*p + 5*j = 22, -5*p + p + 14 = 2*j. What is the units digit of (p - 0 - 6)*-1?
5
Suppose m = g + 114, 0*g - g = -5*m + 586. What is the tens digit of m?
1
Let x(f) be the second derivative of -2*f**5/5 + f**3/3 - f**2/2 + f. Let w be x(1). What is the units digit of 6/w*(-14)/2?
6
Let o = 122 - -5. What is the hundreds digit of o?
1
Suppose 4*o + 5*i - 8 = 142, -5*o + 167 = -4*i. What is the tens digit of o?
3
Let c(l) = -l + 1. Let p be c(-3). Suppose 3*a - p = 8. What is the units digit of a?
4
Suppose -4*s - 101 = -3*w + 10, 2*s + 117 = 3*w. What is the tens digit of w?
4
Let m = 155 + 3. What is the units digit of m?
8
Suppose b = 3*j - 0*b - 16, 32 = 4*j + 4*b. Let w be (12/10)/(j/20). Let s = w - 1. What is the units digit of s?
3
Let w = 1 - -1. Suppose 0 = 3*f - 5*f + w, r - f = 2. Suppose -r*v = -7*v + 28. What is the units digit of v?
7
Suppose 2 = 3*q + 3*j - 10, -5*q - j = -20. Suppose -5*x - 5 = -5*u, -q*u + 2*x + 4 = 6*x. What is the units digit of u?
1
Let y(d) = -d + 2. Let h be y(-5). Let v(z) = 2*z + 9. Let n be v(-7). Let u = n + h. What is the units digit of u?
2
Suppose 2*j = -q + 10, -5*q - 4*j = -12 - 8. Suppose q*g = -5*g. Suppose 2*s - 21 + 5 = g. What is the units digit of s?
8
What is the units digit of (-1 - (1 - 4))*688/32?
3
Suppose -5*i + 4*w - 17 - 18 = 0, 14 = -2*i + 2*w. Let g(q) = q**2 + 7*q + 8. What is the units digit of g(i)?
8
What is the hundreds digit of (-48 + 2 + -6)*-2?
1
Supp